h(3).
-44
Suppose 0 = 198*g - 209*g + 55. Let l(a) = 5*a**3 - 2*a**2 + 43*a - 5. Let n(v) = -3*v**3 + v**2 - 28*v + 3. Let t(y) = g*l(y) + 8*n(y). Determine t(4).
-5
Let m(y) = 3*y**2 + 3*y - 1. Let i(u) = -5*u**2 - 27*u + 3. Let c(a) = -i(a) - 2*m(a). Determine c(21).
-1
Let o(d) = 2*d**2 - 15*d + 5. Let h(v) = -20*v + 388. Let k be h(19). Give o(k).
13
Let h(l) be the third derivative of l**4 + 11*l**3/6 - 344*l**2 + 4*l. Determine h(3).
83
Let t(r) = -10*r + 1. Let i(q) be the second derivative of -11*q**3/6 + q**2 - 18*q. Let x be (1/2)/((-5)/(-20)). Let h(b) = x*i(b) - 3*t(b). Calculate h(-1).
-7
Let s(r) = -194*r + 391*r - 1 - 7*r**2 - 203*r - r**3. Let b be (-2)/(-6) - 3/9. Let l = b + -6. What is s(l)?
-1
Suppose 5*z - 89 = -3*b, 7*z = -4*b + 4*z + 126. Suppose 30*h + b = -27. Let k(u) = -2*u - 2. What is k(h)?
2
Let q(g) = -569*g + 567*g + 18 - 69. What is q(-29)?
7
Suppose -9*y + 62 + 28 = 0. Suppose 2*j + 20 = -4*k, -3*k + y = -4*j + 25. Let n(t) = t + 16. Give n(j).
16
Let w(v) = -68*v + 198*v - 22 - 68*v - 63*v. Calculate w(-26).
4
Let v = -104 + 110. Suppose -2*f + 2*y = 4*y - v, -3*y + 11 = 5*f. Let p(r) = -2*r + f - 4 - 3 + 4. Determine p(-5).
8
Let h(v) = -v**3 + 5*v**2 - 4*v. Suppose q + 3*b = 25, -11 + 9 = -4*q + 2*b. What is h(q)?
0
Let d(o) be the second derivative of -5*o**3/6 + 51*o**2/2 - 288*o - 13. What is d(6)?
21
Let h(m) = m**2 + 6*m - 7. Suppose 4*a + a - 215 = 0. Let z = a - 64. Let o = 15 + z. Calculate h(o).
-7
Let r(s) = -s**2 + 9*s + 27. Let u(t) = -t**2 + t + 29. Let x(q) = 2*r(q) - 3*u(q). Calculate x(-17).
1
Let o(q) = 20*q**2 - q. Let y(n) = 13*n + 195. Let a be y(-17). Let l(h) = -h**2 - 30*h - 103. Let d be l(a). Determine o(d).
19
Let x(q) = 4*q + 53. Let g be (-36)/48*8 + -4. Give x(g).
13
Let y(d) be the first derivative of 2*d**3/3 - 4*d - 4223. Give y(-7).
94
Let p(l) = 2273*l**2 + 19*l - 76 - 2268*l**2 + 79. Determine p(-3).
-9
Let m(a) = -2*a**2 - 5*a + 3. Suppose -5*f + 3*x + 30 = 0, 30 = -f + 6*f + 5*x. Let s be (-44)/154 + (-2)/(-7). Suppose w - f*w - 20 = s. Calculate m(w).
-9
Let h(f) = -27*f + 1. Suppose -9 = 4*i + 5*c - 12, c = -2*i + 3. Let p be i/(-3) + 15/9. What is h(p)?
-26
Let o(x) = x**3 + 5*x**2 + 2. Let k(q) = -q**3 + 2*q**2 + q + 22. Let t be (6/27)/(2/36). Let h be k(t). Give o(h).
-34
Let u(x) = 5*x**2 + 8*x - 17. Let j(q) = 14*q**2 + 24*q - 50. Let i(g) = -4*j(g) + 11*u(g). Let p be i(-9). Let d(a) = -2*a + 1. Determine d(p).
-7
Let j(i) = i**2 + 0 - 2*i + 1 + 0. Let c be (-6)/(-27) + (-54954)/162. Let r = 340 + c. Give j(r).
0
Let x = -13 - -26. Let p(z) = -z**3 + 12*z**2 + 15*z - 24. Let d be p(x). Suppose 0 = -4*m + g + 18, d*g = -2*m + 4*g + 6. Let s(b) = -b - 1. Give s(m).
-6
Suppose -3*f = 5*n - 27 - 19, -3*f = -2*n - 11. Let r(c) = 3*c - 9. Let y(u) = 8*u + 18. Let h be y(-2). Let q(t) = t. Let i(o) = h*q(o) - r(o). What is i(f)?
2
Let b(n) = -2*n**3 + 9*n**2 - 4*n + 6. Let p be b(4). Let x be -4 + (5 - (-2)/(p/15)). Let q(z) = z - 8. Give q(x).
-2
Let c(y) = -10 + 266*y**2 - 142*y**2 - 3*y - 124*y**2 - 2*y**3. What is c(-2)?
12
Let k(g) = -g**3 - 9*g**2 - 6*g - 7. Let f be (-10)/(2*(-6)/48). Let q be (-2)/((-2)/(-5) - 6/f). Determine k(q).
-23
Suppose -4*u + 12 - 16 = 0. Let q = 55 + -53. Let z(g) = 12*g**q - 14*g + 25*g - 11*g. Give z(u).
12
Let a = 28 - 21. Suppose -19 = -a*j + 9. Let p(l) = -l**2 + 3*l + 1. Let v(o) = -o**2 + 3*o + 1. Let q(b) = 3*p(b) - 4*v(b). Give q(j).
3
Let b(v) be the third derivative of -v**5/60 - 3*v**4/8 + v**3/3 - v**2. Let d(r) = r**2 + 4*r + 0*r**2 + 1 - 5 + 3. Let n(x) = -6*b(x) - 13*d(x). Give n(-1).
-8
Let f(x) = 7*x - 1. Let v(n) = 8*n - 1. Let o(p) = 5*f(p) - 4*v(p). Let i(m) = 6*m - 2. Let j be (-6)/4*200/150. Let g(w) = j*i(w) + 5*o(w). Calculate g(-3).
-10
Let h(b) = -4*b + 69. Let t(m) = 19*m - 329. Let w(r) = -29*h(r) - 6*t(r). Determine w(8).
-11
Let s(f) = 130*f**2 + 6*f + 2. Let p(o) = -217*o**2 - 11*o - 4. Let b(j) = 3*p(j) + 5*s(j). What is b(-1)?
0
Let p(t) = -t**3 + 7*t**2 + t - 7. Let n(a) = -a**3 - 15 + 22 + 8*a**2 - 8 + a. Let w be n(8). Give p(w).
0
Let i be (4 + -5)*1*-3. Let x(q) = 15*q - 389*q**3 - q**2 - 16 - 13*q**2 - 1 + 390*q**i. What is x(13)?
9
Let x(u) = 5*u**3 + u**2 - 6. Let i(o) = 9*o**3 + o**2 + o - 11. Let b(c) = -3*i(c) + 5*x(c). Let l(q) = -11*q - 97. Let y be l(-9). Give b(y).
-11
Let q be ((-540)/(-21) - 24)/((-4)/(-14)). Let z(h) = 4*h + 3*h**2 - 3*h**2 - h**2 + 2 + 1. Give z(q).
-9
Suppose 0 = -2*g - 4*m - 6, 4*g - 24 = -3*m + 4*m. Let y(h) = -3*h**3 + 15*h**2 + 2*h - 5. Give y(g).
5
Let v(g) be the second derivative of -g**4/12 + 5*g**3/6 - 4*g**2 - 508*g. Determine v(11).
-74
Let s(x) = -5*x**2 - 5*x - 4. Let k(l) = -11*l**2 - 10*l - 7. Let g(t) = 6*k(t) - 13*s(t). Let u be 23*95/437 - -4. What is g(u)?
-26
Let w(o) = -851*o - 1. Let i(s) = 319*s. Let r(p) = 8*i(p) + 3*w(p). Let u(c) = c**3 - c**2 + c - 6. Let m be u(0). What is r(m)?
3
Let o = 4997 + -5000. Let z(h) = -h + 1. Let u(k) = -3*k**2 + 2*k - 8. Suppose -5*w + 40 = 2*n, 2*n = 4*w - 2*n - 4. Let a(s) = w*z(s) + u(s). What is a(o)?
-17
Suppose 0 = -3*c - t + 15, 17*t - 18 = 14*t. Let l(y) be the first derivative of 9*y**2/2 - 4*y - 1. What is l(c)?
23
Let n(l) = -77*l + 3. Suppose -49 = 213*y - 164*y. Give n(y).
80
Let u(p) = 5*p**3 - 34*p**2 + 27*p - 155. Let s(w) = -36*w**3 + 242*w**2 - 189*w + 1083. Let x(t) = 4*s(t) + 29*u(t). Calculate x(17).
7
Suppose 212 = -35*y - 103. Let w(r) = r**2 + 9*r - 2. Determine w(y).
-2
Let o(y) = -y**2 + 11*y + 5*y + 9*y + 16 - 37*y + 7*y. Determine o(-7).
2
Let d(l) = 28*l + 721. Let n be d(-26). Let j(v) = -8*v + 2*v**2 + 5 + 4*v + 4*v**2 + v**3 - 6. Determine j(n).
-22
Let i(k) = k. Let y be (-2)/6 + 24/18. Let b(o) = -5 - 7*o**2 - 10*o**2 + 19*o**2 - 3*o**2. Let l(d) = y*b(d) + 5*i(d). Give l(5).
-5
Let w(g) be the first derivative of -2*g**3/3 - 27*g**2 + 57*g + 17. What is w(-28)?
1
Let s(q) be the third derivative of 1/10*q**6 + 0 + 1/24*q**4 + 1/60*q**5 + q**2 + 1/6*q**3 + 0*q. Let o = -56778 - -56777. What is s(o)?
-11
Let w(v) be the first derivative of -v**3/3 - 4*v**2 + 41*v - 1438. Calculate w(-11).
8
Let w(i) = 11*i**2 - 98*i - 40. Let x(z) = 9*z**2 - 91*z - 38. Let c(y) = 3*w(y) - 4*x(y). Give c(24).
-16
Let d(a) = a**2 - 3*a + 1. Let i = -276 + 323. Let b = -45 + i. Determine d(b).
-1
Let p(u) be the first derivative of -u**4/24 - u**3/6 + 10*u**2 + 3*u + 177. Let x(o) be the second derivative of p(o). Give x(-3).
2
Let o = 4625 + -4621. Let b(j) = -11*j + 38. Determine b(o).
-6
Let u = 236 + -134. Let p be 0 - (-2)/6 - (-1394)/u. Let c(l) = l**2 - 14*l - 5. What is c(p)?
-5
Let w(j) be the second derivative of 13/6*j**3 - 7/2*j**2 + 0 + 8*j - 1/24*j**4. Let b(k) be the first derivative of w(k). Give b(9).
4
Let t(h) = -2*h + 4. Let k(g) = -g**2 + 8*g + 272. Let l be k(21). Give t(l).
6
Suppose -53*b + 49*b + 59*b = -165. Let i(v) = v**2 - 8*v - 5. What is i(b)?
28
Let a(d) = 3*d**3 + 1. Let g be 467/(-6) + 5/(-30). Let x = 79 + g. What is a(x)?
4
Let u be ((-4)/(-1) + -6)*(-1903)/(-346). Let s(x) = 0*x - x - 13 + 2. Determine s(u).
0
Let w(p) = -12*p - 10 + 6*p**2 + 5 - 5426*p**3 + 5427*p**3. Determine w(-8).
-37
Let z(f) = -f**2 + 3. Let a(q) = -2*q + 81 + 76 - 174. Let m(s) = -2*s - 17. Let w(r) = -4*a(r) + 3*m(r). Let g be w(-10). Determine z(g).
-6
Let u(o) = 226*o**2 - 6*o + 13. Let b(t) = 125*t**2 - 3*t + 7. Let m(x) = 11*b(x) - 6*u(x). Calculate m(1).
21
Let b(v) = -1163*v - 2881*v + 4047*v + 12. Let t = 2 - 10. Give b(t).
-12
Let a(j) = -1 - 2*j + 0*j + 3319*j**2 - 3320*j**2. Calculate a(-3).
-4
Let o(f) = -76*f - 2. Let n(i) = 7*i. Let t(v) = -12*n(v) - o(v). Determine t(2).
-14
Let g(j) = 34*j**3 + 1. Let q(o) be the first derivative of -o**3/3 - 7*o**2 - 25*o + 88. Let v be q(-12). Give g(v).
-33
Let r(p) be the first derivative of p**3 + 5*p**2 - 22*p - 3681. What is r(2)?
10
Suppose 3*f = 122 - 119. Let a(b) be the third derivative of 11*b**4/6 - 18*b**2. Calculate a(f).
44
Let l = -6 - -9. Let s(h) be the second derivative of 1/6*h**3 + 0 - 60*h + 2*h**2. Give s(l).
7
Let i(p) = -7*p**3 - 2*p**2 + 2. Let b(t) = -t**3 + 48*t**2 + 15*t - 721. Let a be b(48). What is i(a)?
7
Let b = 90 + 134. Let p = -228 + b. Let v(w) = -2*w**2 - 4*w - 3. Calculate v(p).
-19
Suppose 